 + 0*u = -4*u + 339, p = 4*c - 5*u - 263. What is the units digit of c?
7
Let s be 1/4 + (-90)/(-24). Suppose 0 = -2*n - 3*q + 8, -s*n + 2*n + 3*q = -8. What is the tens digit of (n/(-2))/1 - -27?
2
Let h(b) = -b**3 - 18*b**2 + 17*b + 35. What is the units digit of h(-19)?
3
Let v = 12 + -10. Let q be ((-8)/6)/(4/(-78)). Suppose v*r + 0*r = q. What is the tens digit of r?
1
Let v = 928 - 426. What is the tens digit of v?
0
Suppose -4242 = -15*d + 12*d + 3*q, 0 = 3*d + 2*q - 4217. What is the hundreds digit of d?
4
Let i = -31 - -35. Suppose c - i*o - 73 = 0, 2*c + 2*o = -2*c + 202. What is the units digit of c?
3
Suppose 15*v - 12 = 11*v. Suppose 0 = -5*g - 2*w + 17 - 5, -v*g = -w - 5. What is the units digit of g?
2
Let o = 39 - 46. Let p = 15 + o. What is the units digit of p?
8
Let g(u) = u**3 + 28*u**2 - 14*u + 31. What is the thousands digit of g(-18)?
3
Let c(m) = 133*m + 1. What is the hundreds digit of c(9)?
1
Let y(x) = -x**3 + 4*x**2 - 3*x + 2. Let c be y(3). What is the tens digit of (-106)/(-3) - c/(-3)?
3
Suppose 11*i = 1390 + 2548. What is the tens digit of i?
5
Let u be 9*1 - (-4 - -7). Suppose 20 = 7*f - u*f. Suppose 16 = 2*g - 2*j, 2*j - f = -5*g + 27. What is the units digit of g?
9
Let m(k) = 16*k**3 + 2*k**2 - 7*k + 33. What is the tens digit of m(3)?
6
Let i(o) be the first derivative of 0*o**2 + 1/3*o**3 - 7 - 8*o. What is the tens digit of i(7)?
4
Let z(j) = 48*j - 79. What is the hundreds digit of z(5)?
1
Let z(k) = -k**3 - 11*k**2 + k + 16. Suppose -x - 4*x - 55 = 0. Let s be z(x). Suppose -3*i = -s - 10. What is the units digit of i?
5
Let h(w) = -w + 1. Let d be h(-4). Suppose 4*b - 240 = 4*y, -2*b + 5*y - 127 = -4*b. Suppose -3*i + 2*i + 8 = -5*z, 4*z + b = d*i. What is the units digit of i?
3
What is the tens digit of (-1 - -376)*(0/11 + 1)?
7
Suppose -3 + 13 = 5*z. Suppose -z*w = -164 + 6. Suppose 4*c = w + 21. What is the units digit of c?
5
Let i(a) = a**3 + 13*a**2 + 7*a - 8. What is the hundreds digit of i(-10)?
2
Let s be (-4)/1 + 3 + 8. Let c = s - -11. Let y = 26 - c. What is the units digit of y?
8
Suppose 3*x - 4*n - 22 - 19 = 0, -2*x - 3*n = -16. Suppose -2*h - x = 5*c, 0*h + 2*c + 8 = h. Suppose -4*g = -h*g - 16. What is the units digit of g?
8
Suppose -276148 = -62*p + 50654. What is the tens digit of p?
7
Let f = -1 - 1. Let y(d) = -d**3 + 3*d**2 - d + 5. Let m be y(3). What is the tens digit of ((-42)/4 + m)*f?
1
Let k(b) = b**2 + 10*b + 14. What is the tens digit of k(15)?
8
Let y = 142 - 7. Suppose -4*l = -2*p + y + 99, 3*l = -4*p + 424. What is the tens digit of p?
0
Suppose -34*r + 38*r - 348 = 0. Let c = r - 44. What is the tens digit of c?
4
Suppose 284 - 1751 = -q. What is the tens digit of q?
6
Let d = -6 - -8. Let g(m) = -2 + 2*m**d - 3*m**2 + m + 5. What is the units digit of g(0)?
3
Suppose 6*n - 15 = 3*n. Suppose -g = 2*v + 9, -n*v + 5*g - 39 = 6. Let m(b) = b**3 + 7*b**2 + 3*b - 2. What is the units digit of m(v)?
6
Let z be -9*3/((-6)/4). Let n(k) = 20*k**2 + 3*k - 3. Let f be n(1). Let q = f - z. What is the units digit of q?
2
Let j(w) be the third derivative of 2/15*w**5 + 0 - 2*w**2 + 0*w + 0*w**3 + 1/120*w**6 + 1/8*w**4. What is the tens digit of j(-7)?
2
Let d be 5/(1*1/1). Suppose 0*p + 3*o = p - 101, -d*o = -5*p + 465. What is the tens digit of p?
8
Suppose 0 = 13*q - 29644 - 3727. What is the thousands digit of q?
2
Suppose -2*t - 2*k + 17 = 3, 3*t - 5*k - 5 = 0. Suppose -3*u - 3*n = -4*u - 87, -n - t = 0. What is the tens digit of 3/(-4) - u/8?
1
What is the tens digit of -4*(2053/(-4) - -9)?
1
Let a = 1 - -2. Suppose -4 = a*z - 127. Let h = z + -20. What is the units digit of h?
1
Let z = 455 + -200. What is the tens digit of z?
5
Let u(v) be the third derivative of v**5/30 + v**4/6 + 4*v**3/3 - 6*v**2. Let l be u(-6). What is the units digit of (-402)/(-14) - (-16)/l?
9
Let m be 1139/4 - 12/(-48). What is the tens digit of ((-32)/(-40))/(6/m)?
3
Let o(y) = 15*y + 70. What is the hundreds digit of o(12)?
2
Suppose 4*r - 3*w = 14, 0 = -2*r + 2*w - 0 + 6. Suppose s - 3*s + 124 = i, -3*s = r*i - 200. What is the units digit of s?
0
Let f(q) = -2 + 0 + 51*q + 4. What is the tens digit of f(1)?
5
Let p(h) = -35*h**3 + 2*h**2 + 5*h - 13. What is the hundreds digit of p(-3)?
9
Suppose 1 = -5*g + 2*v + 5, v + 2 = 2*g. Let b(t) = t**3 - t + 9. Let m be b(g). Suppose -2*s + 57 = -m. What is the tens digit of s?
3
Let b(m) = 52*m**2 - 17*m - 82. What is the tens digit of b(-5)?
0
Let y = 608 - 194. What is the hundreds digit of y?
4
Let r(z) = -z**2 + 8*z + 54. What is the units digit of r(-4)?
6
Suppose 2*k - 9 = -5. Let m(z) = 0 + k*z**2 - 48*z + 52*z - 4. What is the units digit of m(-6)?
4
Let u(b) = -b**3 - 12*b**2 + 10*b. Suppose 0 = 5*z - 5*x + x + 73, 3*z = -2*x - 35. Let k be u(z). Let n = k + -10. What is the tens digit of n?
2
Let a(o) = o**3 - 16*o**2 + 14*o + 17. Let j be a(15). Let n = j - -3. Suppose -n*i - 3*p + 0*p + 40 = 0, -p = -3*i + 10. What is the units digit of i?
5
Let p = 2094 + 3005. What is the thousands digit of p?
5
Let y(s) = 2. Let a(r) = -r. Let n(t) = -4*a(t) - 4*y(t). Suppose 5*v - 5*u = -14 + 44, u = 5*v - 30. What is the tens digit of n(v)?
1
What is the tens digit of 87/(-203) + 1/(7/549)?
7
Suppose -13*n + 32436 = 23*n. What is the hundreds digit of n?
9
What is the units digit of (8/28)/((-8100)/8106 - -1)?
6
Let x(s) = 1145*s**3 + s**2 + s - 2. Let y be x(2). Let m be 2/5 + y/(-10). What is the tens digit of m/(-44) + 2/11?
2
What is the hundreds digit of ((-187)/22)/(2/(-116))?
4
What is the thousands digit of (130/1)/((-92)/(-1242))?
1
Let k be (-6)/((-6)/2) + 36 + 4. What is the tens digit of (-1029)/(-18) - 7/k?
5
Let y(l) = 2*l - 2. Let u be y(3). Suppose 8 = h - 1. Suppose u*p = h*p - 285. What is the tens digit of p?
5
Suppose 9 + 6 = 3*i. Suppose i*p - 804 = -159. What is the tens digit of p?
2
Let g(l) = -16*l**2 + 40*l + 41. Let m(i) = -3*i**2 + 8*i + 8. Let f(d) = -2*g(d) + 11*m(d). What is the units digit of f(7)?
3
What is the tens digit of 7149*(-2)/(48/(-8))?
8
Let c(q) = -q**2 - 4*q + 2. Let h be c(-4). Suppose -2*g - 1 = 1, -g + 1 = h*x. What is the units digit of 6 + x/(-1)*-2?
8
Suppose 135*c - 144*c = -5112. What is the units digit of c?
8
Let a(z) = 3*z**2 - 11*z. What is the hundreds digit of a(-14)?
7
Let a(q) = 19. Let r(g) = -g - 19. Let x(s) = -4*a(s) - 3*r(s). Let y be x(-15). Let t = -25 - y. What is the tens digit of t?
3
Let z(n) = n**3 - 3*n**2 - 3*n - 2. Let m be z(4). Let h(u) = -2 + 8*u - 6*u**2 + 4 + 1 - m*u**2 + u**3. What is the units digit of h(7)?
0
Suppose 4*s = 3055 - 1231. What is the units digit of s?
6
Let j(r) = 4*r**3 + r**2 - 6*r - 46. What is the tens digit of j(9)?
9
Let f be 3 + (-14)/2 + 2. What is the units digit of 53 + -6 + f*2?
3
Let w be (-80)/15 - 1/(-3). Let x(z) = -5*z**2 - z**3 + z**2 - z + 270 - 277. What is the tens digit of x(w)?
2
Suppose 2*a + a = 330. Suppose -5*d + a = -3*d. What is the tens digit of 2/5 + 1188/d?
2
Let v be 2/4*4 + 0. What is the tens digit of (3/v)/(3/38)?
1
Suppose a + 4*g + 12 = -4*a, 15 = -5*g. Suppose -2*j = -a - 6. Let b = 22 - j. What is the units digit of b?
9
Let s(b) = b**3 + 10*b**2 + 14*b - 11. Let x be s(-8). Suppose x*t = 28 + 92. What is the units digit of t?
4
Let h(s) = -s**3 + 37*s**2 - 171*s + 45. What is the thousands digit of h(22)?
3
Suppose 4*h = -2*p + 1830, -4*h + 5*p + 2038 = 229. What is the units digit of h?
6
Let q be 9/(-3) + 0 + 1200. Let y be (2/(-6))/((-7)/q). Suppose 0 = -5*i + y + 3. What is the tens digit of i?
1
Let u = -31 + -18. Let t = u + 60. What is the units digit of t?
1
Let n = -2 + -4. Let z be 0/(1/((-3)/n)). Suppose -s = 4*b + 3 - 12, z = -s - 2*b + 19. What is the tens digit of s?
2
Let j = 852 + -738. What is the units digit of j?
4
Suppose 55 = 2*p - 5. What is the units digit of p/((-1)/(-1) - 0)?
0
Let y = 8 - 26. Let f be (-595)/(-45) - (-4)/y. Suppose f - 5 = 4*q. What is the units digit of q?
2
Suppose -9 = -f + 21. Suppose 48 = 2*l - f. Suppose 19 = v - l. What is the units digit of v?
8
Let f(q) = 2*q - q**2 - 4 + 10*q + 7*q - 16. Let t be f(15). Suppose 0 = 5*p - 45 - t. What is the units digit of p?
7
Let q be -2 + 4/((-12)/(-1191)). Suppose 5*x + p = 375, -2*p - 3*p = 5*x - q. Suppose l = -v + 21, 5